[INFO] fetching crate libscroll-re 0.1.0...
[INFO] checking libscroll-re-0.1.0 against try#72f88fc4e9458f89516a0b8b0868f3718aec5b47 for pr-74989
[INFO] extracting crate libscroll-re 0.1.0 into /workspace/builds/worker-9/source
[INFO] validating manifest of crates.io crate libscroll-re 0.1.0 on toolchain 72f88fc4e9458f89516a0b8b0868f3718aec5b47
[INFO] running `Command { std: "/workspace/cargo-home/bin/cargo" "+72f88fc4e9458f89516a0b8b0868f3718aec5b47" "read-manifest" "--manifest-path" "Cargo.toml", kill_on_drop: false }`
[INFO] started tweaking crates.io crate libscroll-re 0.1.0
[INFO] finished tweaking crates.io crate libscroll-re 0.1.0
[INFO] tweaked toml for crates.io crate libscroll-re 0.1.0 written to /workspace/builds/worker-9/source/Cargo.toml
[INFO] running `Command { std: "/workspace/cargo-home/bin/cargo" "+72f88fc4e9458f89516a0b8b0868f3718aec5b47" "generate-lockfile" "--manifest-path" "Cargo.toml" "-Zno-index-update", kill_on_drop: false }`
[INFO] running `Command { std: "/workspace/cargo-home/bin/cargo" "+72f88fc4e9458f89516a0b8b0868f3718aec5b47" "fetch" "--locked" "--manifest-path" "Cargo.toml", kill_on_drop: false }`
[INFO] [stderr]     Blocking waiting for file lock on package cache
[INFO] [stderr]  Downloading crates ...
[INFO] [stderr]   Downloaded flo_curves v0.3.1
[INFO] [stderr]   Downloaded ocaml v0.8.1
[INFO] [stderr]   Downloaded libscroll v0.1.6
[INFO] running `Command { std: "docker" "create" "-v" "/var/lib/crater-agent-workspace/builds/worker-9/target:/opt/rustwide/target:rw,Z" "-v" "/var/lib/crater-agent-workspace/builds/worker-9/source:/opt/rustwide/workdir:ro,Z" "-v" "/var/lib/crater-agent-workspace/cargo-home:/opt/rustwide/cargo-home:ro,Z" "-v" "/var/lib/crater-agent-workspace/rustup-home:/opt/rustwide/rustup-home:ro,Z" "-e" "SOURCE_DIR=/opt/rustwide/workdir" "-e" "CARGO_TARGET_DIR=/opt/rustwide/target" "-e" "CARGO_HOME=/opt/rustwide/cargo-home" "-e" "RUSTUP_HOME=/opt/rustwide/rustup-home" "-w" "/opt/rustwide/workdir" "-m" "1610612736" "--user" "0:0" "--network" "none" "rustops/crates-build-env@sha256:d92eaeed33fa75130ca1ee6c8a01d1ffb62bac859dfdfb3450e3e5d1c0146529" "/opt/rustwide/cargo-home/bin/cargo" "+72f88fc4e9458f89516a0b8b0868f3718aec5b47" "metadata" "--no-deps" "--format-version=1", kill_on_drop: false }`
[INFO] [stderr] WARNING: Your kernel does not support swap limit capabilities or the cgroup is not mounted. Memory limited without swap.
[INFO] [stdout] 371db78dc4897084df514061ff0c83293033729c46348c5c5ff12863b8253e4b
[INFO] running `Command { std: "docker" "start" "-a" "371db78dc4897084df514061ff0c83293033729c46348c5c5ff12863b8253e4b", kill_on_drop: false }`
[INFO] running `Command { std: "docker" "inspect" "371db78dc4897084df514061ff0c83293033729c46348c5c5ff12863b8253e4b", kill_on_drop: false }`
[INFO] running `Command { std: "docker" "rm" "-f" "371db78dc4897084df514061ff0c83293033729c46348c5c5ff12863b8253e4b", kill_on_drop: false }`
[INFO] [stdout] 371db78dc4897084df514061ff0c83293033729c46348c5c5ff12863b8253e4b
[INFO] running `Command { std: "docker" "create" "-v" "/var/lib/crater-agent-workspace/builds/worker-9/target:/opt/rustwide/target:rw,Z" "-v" "/var/lib/crater-agent-workspace/builds/worker-9/source:/opt/rustwide/workdir:ro,Z" "-v" "/var/lib/crater-agent-workspace/cargo-home:/opt/rustwide/cargo-home:ro,Z" "-v" "/var/lib/crater-agent-workspace/rustup-home:/opt/rustwide/rustup-home:ro,Z" "-e" "SOURCE_DIR=/opt/rustwide/workdir" "-e" "CARGO_TARGET_DIR=/opt/rustwide/target" "-e" "CARGO_INCREMENTAL=0" "-e" "RUST_BACKTRACE=full" "-e" "RUSTFLAGS=--cap-lints=forbid" "-e" "CARGO_HOME=/opt/rustwide/cargo-home" "-e" "RUSTUP_HOME=/opt/rustwide/rustup-home" "-w" "/opt/rustwide/workdir" "-m" "1610612736" "--user" "0:0" "--network" "none" "rustops/crates-build-env@sha256:d92eaeed33fa75130ca1ee6c8a01d1ffb62bac859dfdfb3450e3e5d1c0146529" "/opt/rustwide/cargo-home/bin/cargo" "+72f88fc4e9458f89516a0b8b0868f3718aec5b47" "check" "--frozen" "--all" "--all-targets" "--message-format=json", kill_on_drop: false }`
[INFO] [stdout] e0333e452a56d04a4189a63eb59250ed3637b4a9147f25768a70b412f3f22686
[INFO] [stderr] WARNING: Your kernel does not support swap limit capabilities or the cgroup is not mounted. Memory limited without swap.
[INFO] running `Command { std: "docker" "start" "-a" "e0333e452a56d04a4189a63eb59250ed3637b4a9147f25768a70b412f3f22686", kill_on_drop: false }`
[INFO] [stderr]    Compiling autocfg v1.0.1
[INFO] [stderr]     Checking either v1.6.0
[INFO] [stderr]     Checking roots v0.0.6
[INFO] [stderr]     Checking ocaml v0.8.1
[INFO] [stderr]     Checking itertools v0.8.2
[INFO] [stderr]    Compiling num-traits v0.2.12
[INFO] [stderr]    Compiling num-integer v0.1.43
[INFO] [stderr]    Compiling num-bigint v0.2.6
[INFO] [stderr]    Compiling num-iter v0.1.41
[INFO] [stderr]    Compiling num-rational v0.2.4
[INFO] [stderr]    Compiling num-complex v0.2.4
[INFO] [stderr]     Checking flo_curves v0.3.1
[INFO] [stderr]     Checking num v0.2.1
[INFO] [stderr]     Checking libscroll v0.1.6
[INFO] [stderr]     Checking libscroll-re v0.1.0 (/opt/rustwide/workdir)
[INFO] [stdout] error[E0599]: no method named `step_frame` found for mutable reference `&mut Scrollview` in the current scope
[INFO] [stdout]   --> src/lib.rs:80:10
[INFO] [stdout]    |
[INFO] [stdout] 80 |         .step_frame(None);
[INFO] [stdout]    |          ^^^^^^^^^^ method not found in `&mut Scrollview`
[INFO] [stdout] 
[INFO] [stdout] 
[INFO] [stdout] error[E0599]: no method named `set_avg_frametime` found for mutable reference `&mut Scrollview` in the current scope
[INFO] [stdout]   --> src/lib.rs:93:10
[INFO] [stdout]    |
[INFO] [stdout] 93 |         .set_avg_frametime(milliseconds);
[INFO] [stdout]    |          ^^^^^^^^^^^^^^^^^ method not found in `&mut Scrollview`
[INFO] [stdout] 
[INFO] [stdout] 
[INFO] [stdout] error[E0599]: no method named `set_next_frame_predict` found for mutable reference `&mut Scrollview` in the current scope
[INFO] [stdout]    --> src/lib.rs:105:10
[INFO] [stdout]     |
[INFO] [stdout] 105 |         .set_next_frame_predict(milliseconds);
[INFO] [stdout]     |          ^^^^^^^^^^^^^^^^^^^^^^ method not found in `&mut Scrollview`
[INFO] [stdout] 
[INFO] [stdout] 
[INFO] [stdout] error[E0599]: no method named `get_position_absolute` found for reference `&Scrollview` in the current scope
[INFO] [stdout]    --> src/lib.rs:116:10
[INFO] [stdout]     |
[INFO] [stdout] 116 |         .get_position_absolute();
[INFO] [stdout]     |          ^^^^^^^^^^^^^^^^^^^^^ method not found in `&Scrollview`
[INFO] [stdout] 
[INFO] [stdout] 
[INFO] [stdout] warning: unused import: `ToValue`
[INFO] [stdout]   --> src/lib.rs:12:13
[INFO] [stdout]    |
[INFO] [stdout] 12 | use ocaml::{ToValue, Value};
[INFO] [stdout]    |             ^^^^^^^
[INFO] [stdout]    |
[INFO] [stdout]    = note: `#[warn(unused_imports)]` on by default
[INFO] [stdout] 
[INFO] [stdout] 
[INFO] [stdout] error: aborting due to 4 previous errors; 1 warning emitted
[INFO] [stdout] 
[INFO] [stdout] 
[INFO] [stdout] For more information about this error, try `rustc --explain E0599`.
[INFO] [stdout] 
[INFO] [stdout] error[E0599]: no method named `step_frame` found for mutable reference `&mut Scrollview` in the current scope
[INFO] [stdout]   --> src/lib.rs:80:10
[INFO] [stdout]    |
[INFO] [stdout] 80 |         .step_frame(None);
[INFO] [stdout]    |          ^^^^^^^^^^ method not found in `&mut Scrollview`
[INFO] [stdout] 
[INFO] [stdout] 
[INFO] [stdout] error[E0599]: no method named `set_avg_frametime` found for mutable reference `&mut Scrollview` in the current scope
[INFO] [stdout]   --> src/lib.rs:93:10
[INFO] [stdout]    |
[INFO] [stdout] 93 |         .set_avg_frametime(milliseconds);
[INFO] [stdout]    |          ^^^^^^^^^^^^^^^^^ method not found in `&mut Scrollview`
[INFO] [stdout] 
[INFO] [stdout] 
[INFO] [stdout] error[E0599]: no method named `set_next_frame_predict` found for mutable reference `&mut Scrollview` in the current scope
[INFO] [stdout]    --> src/lib.rs:105:10
[INFO] [stdout]     |
[INFO] [stdout] 105 |         .set_next_frame_predict(milliseconds);
[INFO] [stdout]     |          ^^^^^^^^^^^^^^^^^^^^^^ method not found in `&mut Scrollview`
[INFO] [stdout] 
[INFO] [stdout] 
[INFO] [stderr] error: could not compile `libscroll-re`.
[INFO] [stdout] error[E0599]: no method named `get_position_absolute` found for reference `&Scrollview` in the current scope
[INFO] [stdout]    --> src/lib.rs:116:10
[INFO] [stdout]     |
[INFO] [stdout] 116 |         .get_position_absolute();
[INFO] [stdout]     |          ^^^^^^^^^^^^^^^^^^^^^ method not found in `&Scrollview`
[INFO] [stdout] 
[INFO] [stdout] 
[INFO] [stderr] 
[INFO] [stderr] To learn more, run the command again with --verbose.
[INFO] [stderr] warning: build failed, waiting for other jobs to finish...
[INFO] [stdout] warning: unused import: `ToValue`
[INFO] [stdout]   --> src/lib.rs:12:13
[INFO] [stdout]    |
[INFO] [stdout] 12 | use ocaml::{ToValue, Value};
[INFO] [stdout]    |             ^^^^^^^
[INFO] [stdout]    |
[INFO] [stdout]    = note: `#[warn(unused_imports)]` on by default
[INFO] [stdout] 
[INFO] [stdout] 
[INFO] [stdout] error: aborting due to 4 previous errors; 1 warning emitted
[INFO] [stdout] 
[INFO] [stdout] 
[INFO] [stdout] For more information about this error, try `rustc --explain E0599`.
[INFO] [stdout] 
[INFO] [stderr] error: build failed
[INFO] running `Command { std: "docker" "inspect" "e0333e452a56d04a4189a63eb59250ed3637b4a9147f25768a70b412f3f22686", kill_on_drop: false }`
[INFO] running `Command { std: "docker" "rm" "-f" "e0333e452a56d04a4189a63eb59250ed3637b4a9147f25768a70b412f3f22686", kill_on_drop: false }`
[INFO] [stdout] e0333e452a56d04a4189a63eb59250ed3637b4a9147f25768a70b412f3f22686
